factors of v.
3
Let b(d) = 2*d**3 - 45*d**2 - 6*d - 28. What are the prime factors of b(23)?
3, 11
Suppose -3*y = -2*o - 1614, 5*o + 20 - 2195 = -4*y. Suppose -5*p = l - y, -2*p + 6*l + 216 = 4*l. List the prime factors of p.
2, 3
Let r(y) = 18*y + 572. List the prime factors of r(-15).
2, 151
Let v(f) = 99*f + 157. List the prime factors of v(6).
751
Let a = 117 + -205. Let b = 152 + a. What are the prime factors of b?
2
Let c(a) = -a**3 + 5*a**2 - 4*a. Let o be c(4). Suppose 0*b + 12*b - 96 = o. List the prime factors of b.
2
Let r(l) be the second derivative of 0 - 3*l - 2/3*l**3 + 3/2*l**2. What are the prime factors of r(-4)?
19
Suppose -5*y = 2*z + 65, -3*y = -0*y + 15. Let k be (-704)/z + (-1)/5. Suppose k = 5*l - 215. What are the prime factors of l?
2, 5
Suppose -3*w + 4*s = 161 - 32, -2*s = 3*w + 147. Let q = w + 29. Let x = -9 - q. What are the prime factors of x?
3
Let k be 19 + -22 + 0 + 94. Suppose 3*j + 2*r - k = 26, 3*r = -5*j + 194. What are the prime factors of j?
37
Suppose 2*r - 907 = 5*r - 4*p, -4*p = 5*r + 1533. Let q = -186 - r. What are the prime factors of q?
7, 17
Let w = 88 + 24. What are the prime factors of w?
2, 7
Let b(o) = 27*o - 2. Let r(m) = 53*m - 4. Let f(s) = -5*b(s) + 3*r(s). What are the prime factors of f(2)?
2, 23
Let w(u) = 14*u**2 + u + 8. Suppose -o - 9 = 2*o, 0 = 5*t + 3*o - 6. What are the prime factors of w(t)?
137
Let d be 145/(-20) + (-3 - 0)/(-12). Let l = d + 26. List the prime factors of l.
19
Let m = -35 - -35. Suppose m*z = 4*z - 172. List the prime factors of z.
43
Let r(n) = -4*n + 2*n - 17 - n + 2*n. Let v be r(-9). Let z(a) = a + 10. What are the prime factors of z(v)?
2
Suppose -45 + 3 = -3*g. Let y = -9 + g. Suppose -36 = -4*x - y*s, -3*x = -x - 2*s. What are the prime factors of x?
2
Suppose h - 3 = 1, 4*n = 5*h + 1132. What are the prime factors of n?
2, 3
What are the prime factors of 484 + ((-12)/9 - (-24)/18)?
2, 11
Let t(k) = -3*k**3 - 7*k**2 + 10*k + 32. List the prime factors of t(-6).
2, 23
Suppose -3*a + q = -6540, -q + 37 = -a + 2219. What are the prime factors of a?
2179
Suppose 0*t = -6*t + 24. Let o be t/6 - (-78)/(-9). What are the prime factors of ((-35)/10)/(4/o)?
7
Suppose -1757 = 6*a - 13223. List the prime factors of a.
3, 7, 13
List the prime factors of (-29)/(717/120 + -6).
2, 5, 29
Let j(o) = -2*o + 32. Suppose -5*n = -4*c + 51, -3*c - 6*n + n = -47. What are the prime factors of j(c)?
2
Let r = -705 - -1460. List the prime factors of r.
5, 151
Let c = -678 - -1567. What are the prime factors of c?
7, 127
Let l(m) = 3*m**3 + 5*m**2 - 3*m - 4. Let k be l(-5). Let u = k - -354. Suppose 3*c - u = -4. What are the prime factors of c?
37
Let s(o) = 14 - 7 + 10*o - o**2 + 5*o**2 - 2*o**2. What are the prime factors of s(-6)?
19
Let l be 3/((-24)/(-260)) - 2/4. What are the prime factors of (-2)/(l/116)*-20?
5, 29
Suppose 0 = -5*b + 4*k - 351, -194 - 82 = 4*b - 2*k. Let d = b - -27. Let u = -15 - d. List the prime factors of u.
5
List the prime factors of -59 - -956 - (-10 - -1).
2, 3, 151
Let v(n) = n**3 - 5*n**2 + 3*n + 3. Let p be v(6). Let c = -10 + p. What are the prime factors of c?
47
Suppose 2*l - 18 = 2*h, -2*l + h + 13 = -2*h. Suppose 0 = -w - l + 16. Suppose 17 = -w*m + 5*n, -4*m + 7 + 4 = -n. What are the prime factors of m?
2
List the prime factors of (42/8 - (-22)/(-88))*95.
5, 19
Suppose -679 = -2*h - 5*h. List the prime factors of h.
97
Let v = -4702 + 6729. What are the prime factors of v?
2027
Suppose -11*l + 260 = -708. Suppose -86 = -q - 0*y + 3*y, -l = -q + 5*y. What are the prime factors of q?
83
Let q(c) = c + 3. Let m be q(-1). Suppose 0 = 3*x + 2*o + m*o - 29, 2*o = -5*x + 53. Let i = x + 0. List the prime factors of i.
11
Let g = 227 + 42. Let x = 192 - g. Let h = x - -126. List the prime factors of h.
7
Suppose 4*b = -5*j + 2, -3*b + j + 0*j + 11 = 0. Let m = 3 + -3. Let d = b - m. What are the prime factors of d?
3
Let b = -2740 + 6575. What are the prime factors of b?
5, 13, 59
Suppose -15 + 39 = 3*r. Suppose -3*z = -2*z + r. Let y = z - -45. What are the prime factors of y?
37
Let c = -119 - -121. List the prime factors of 120 + c + 1 + 2.
5
Suppose 3*y = y - 22. Let l = y - -2. List the prime factors of (-40)/(-6)*l/(-6).
2, 5
Let i be ((-12)/(-36))/(0 - 2/(-138)). Let w = i - -47. List the prime factors of w.
2, 5, 7
Suppose -30 = -2*s + i - 202, s + 4*i = -86. Suppose -5*p = 2*h + 752, 3*p - 79 = 4*h - 525. Let k = s - p. What are the prime factors of k?
2
Suppose 37*u - 9032 = 33*u. What are the prime factors of u?
2, 1129
Let x(m) = -m**2 - 11*m - 4. Let a = 28 + -39. Let w(s) = s**2 + 11*s - 8. Let h be w(a). What are the prime factors of x(h)?
2, 5
Suppose 2*g - 8 = -2*p, -4 = -2*g - 5*p + 10. Let b(k) = -12*k - 8 - 9*k**2 + 24*k**2 - 9*k**2 - 4*k**g. What are the prime factors of b(9)?
2, 23
Suppose -5*q - 873 = -2*m, 0*m + 879 = 2*m - 3*q. Let h = -633 + m. What are the prime factors of (h/(-18))/((-6)/(-8))?
2, 7
Let u be ((-75)/60)/(2/8). Suppose z = s + 21, 0*s + 4*z = 3*s + 68. Let f = u - s. List the prime factors of f.
11
Suppose -335 + 35 = -3*o. Let v = -54 + o. What are the prime factors of v?
2, 23
Let d = 3 + -5. Let c = d + 7. Suppose -10*y + 260 = -c*y. List the prime factors of y.
2, 13
Let d be (-1 - (4 + -3))*-98. Suppose -n - d = -5*n. List the prime factors of n.
7
Suppose -4*w - 183 = -7*w. Let k = -41 + w. List the prime factors of k.
2, 5
Let o = 5 + 0. Suppose 0 = z - o + 4. List the prime factors of ((-7)/(-2))/(z/6).
3, 7
Suppose -2765 = -22*z + 15*z. List the prime factors of z.
5, 79
Let x = -41 - -62. Let j = x + 4. List the prime factors of j.
5
Let p(q) = 23*q**3 - 15*q**2 - 5*q - 9. List the prime factors of p(4).
3, 401
What are the prime factors of -4*(-30)/(-24) + 578?
3, 191
Suppose 21*z = 14542 + 47261. List the prime factors of z.
3, 109
Let h(i) = 46*i**3 + 2*i**2 + 4*i + 2. List the prime factors of h(2).
2, 193
Let j(m) = 147*m**3 + m**2 + m - 5. What are the prime factors of j(2)?
11, 107
Let m = 1 - 8. Let i(t) = t**3 + 3*t**3 - 3*t**3 + 0*t**2 + 7*t**2 - t + 2. List the prime factors of i(m).
3
Let o(i) = -i**3 + 5*i**2 + i. Let s be o(5). Suppose 16*q - 1859 = s*q. What are the prime factors of q?
13
Let g(u) = -u**2 + 13*u + 3. Suppose 0*w - 5*w = -180. Let h = w + -25. List the prime factors of g(h).
5
Let y(l) = -7*l + 1. Let r be y(-1). Let a be 0/(-1*r/(-4)). Suppose a = -2*x + 3*i + 45 - 9, -3*x + 60 = -3*i. What are the prime factors of x?
2, 3
Let j(b) = 12*b - 36. Let c(d) = 1. Let n(m) = 3*c(m) - j(m). List the prime factors of n(3).
3
Let m(f) = f**3 - 5*f**2 + 4*f - 3. Suppose 0 = -5*y + 13 + 7. Let d be m(y). Let k(a) = -19*a - 6. What are the prime factors of k(d)?
3, 17
Let b = 3 - 6. Let f be b/(-9) - 1303/3. What are the prime factors of f/(-21) - (-2)/6?
3, 7
Let c be 3/((-9)/4) - 36/54. Let k(q) = 3*q - 9. Let d be k(9). What are the prime factors of (1 + d)/((-2)/c)?
19
Let z(c) = 807*c - 25. List the prime factors of z(6).
4817
Let g(q) = q**3 - 8*q**2 + q - 4. Let u be g(8). Suppose -4*b = b + 20, u*v + b - 32 = 0. List the prime factors of v.
3
Let l(z) = -z**3 + 18*z**2 - 15*z + 5. Let d(q) = -q**2 - 10*q + 8. Let g be d(-9). List the prime factors of l(g).
3, 13
Let x be (2 - -1)*-1 + -7. Let z(s) = -s**3 - 8*s**2 - 2*s - 20. List the prime factors of z(x).
2, 5
Let z(j) = -j**3 - 7*j**2 - 4*j + 2. Let f be 10/45 + (-168)/27. Let k be z(f). List the prime factors of ((-130)/(-25))/((-2)/k).
2, 13
Let n = -133 + 599. What are the prime factors of n?
2, 233
Suppose -3*i + 14 = -49. List the prime factors of (i - 24)*(-134)/6.
67
Suppose 2*g = 5*x + 6, g - 4*g + 2*x + 31 = 0. List the prime factors of g + (0/1 - 1).
2, 3
Let c(h) = 2*h - 14. Let p be c(9). List the prime factors of (13/3 - p)*165.
5, 11
Let y = -10 - 53. Let m = y + 102. What are the prime factors of m?
3, 13
Suppose -81*r - 3*l - 5433 = -84*r, 4*r = 3*l + 7240. What are the prime factors of r?
13, 139
Let g be ((-72)/42)/((-4)/14). Let n(u) = u + 5*u + 3*u**2 - 4 + 2*u**2 - u**3 + 3*u. List the prime factors of n(g).
2, 7
Let u = 8 - 12. Let h = -5 - -19. Let r = u + h. List the prime factors of r.
2, 5
Suppose -21*i - 98056 = -49*i. List the prime factors of i.
2, 17, 103
Let n(w) = w + 26. Le